0 - v**5/60 - v**4/24 - 77*v**3/6 + 5*v**2. Let u be l(0). Let a = -53 - u. What is the tens digit of a?
2
Suppose 119 + 89 = 2*k. Let w = k - 74. What is the units digit of w?
0
Suppose 17*k - 15*k - 2074 = 2*x, -4*k - 4*x + 4140 = 0. What is the tens digit of k?
3
Let g(u) = 3*u. Suppose -5*k = 2*v + 3*v - 30, 2*k - 22 = -4*v. Let c be g(k). What is the tens digit of (1/c)/(3/288)?
3
Let h(j) = -534*j - 33. What is the hundreds digit of h(-7)?
7
Suppose 3*a + 8792 = 4*o, 3*o - 3*a - 4289 = 2308. What is the hundreds digit of o?
1
Suppose -3*d + 5*b + 201 = 0, 5*d + 3*b - 415 = -114. Let i = d + -2. What is the tens digit of i?
6
Let r be (-1)/((-1)/(-278))*(-7 + 4). Suppose 2974 = 10*p + r. What is the tens digit of p?
1
What is the thousands digit of (-1)/((-30)/4) + (-2199360)/(-1800)?
1
Suppose 22*o - 15716 = 498. What is the hundreds digit of o?
7
Let b(h) = -h**3 - 3*h**2 + 11*h - 2. Let x be b(-5). Let y(l) = -l**3 - 5*l**2 - l - 6. What is the units digit of y(x)?
9
Let m = 16 + -63. Suppose 0 = -3*p + 5*p - 132. Let n = p + m. What is the tens digit of n?
1
Let w(g) = 2*g**2 + 12*g + 12. Let p be w(-5). What is the units digit of ((-9)/p)/((-9)/144)?
2
Suppose 0 = -5*u - 0*u + h - 94, -5*u = -2*h + 98. Let o be u/12 + (-14)/(-4). Suppose o*t - 75 = -2*g + 3*t, 181 = 5*g + 4*t. What is the units digit of g?
7
Let q(c) = 69*c + 1048. What is the units digit of q(-11)?
9
Let m = -26 + 34. Suppose m = c + 4. Suppose -2*i - 116 = -c*i. What is the units digit of i?
8
Suppose -2918 = -4*w + 5*o, 0*w - o = -2*w + 1462. What is the hundreds digit of w?
7
Let r = -3356 - -5821. What is the thousands digit of r?
2
Suppose -s = t - 2214, 96*s - 4*t - 2199 = 95*s. What is the units digit of s?
1
Let c be (-1)/((-4)/(-24)*-1). Suppose -797 = -c*j - 149. What is the tens digit of j?
0
Let x(h) = h**3 - h - 47. Let l be x(0). Let b = l - -132. Suppose -4*m - 5 = -b. What is the tens digit of m?
2
Suppose -2*n - 2 + 10 = 0. Let r(q) = 8*q**2 + 9. What is the hundreds digit of r(n)?
1
Suppose w = -5, -4*j + w + 6309 = -772. What is the thousands digit of j?
1
Suppose 68*y = 72*y - 8. Suppose 4*k - 2*u - 706 = 0, -y*k + 3*u = -5*k + 552. What is the units digit of k?
9
Let g be 1/5 + ((-19)/(-5) - -1). Suppose -5*n + 8*a = 4*a - 554, -g*n - a = -574. What is the hundreds digit of n?
1
Let u be (-6 + (1 - -1))/(-2). Suppose 10 = 2*j, -4*j = -u*y - 6 - 4. What is the units digit of y?
5
Suppose -5*a + 25 = 5*y, 3*y - 3*a - 6 = 9. Suppose -o = -3*g - 28, 3*o + 3*g + 67 = 7*o. Let b = y + o. What is the units digit of b?
8
Let z = 11 - 19. What is the units digit of 4*(-4)/z - -20?
2
Suppose -u + 3 = 3*j, -2*u + 5 - 1 = 5*j. Suppose 0*y + 64 = g + j*y, -108 = -2*g + y. What is the tens digit of g?
5
Suppose 3*b = -l + 1380, 2*b = -4*l - 3*b + 5541. What is the units digit of l?
9
Let d be (-7 + 0 + 1)*-1. Suppose -9*p + d*p - 72 = 0. What is the units digit of 2*-5*p/30?
8
Suppose -3*d = d - 8. Suppose -d*b - 148 = 4*v, 42 = 3*v + 3*b + 159. Let a = -17 - v. What is the units digit of a?
8
What is the units digit of 3210/4 - 2/(-20)*-5?
2
Let x(b) = 5*b**2 - 9*b - 74. What is the hundreds digit of x(-6)?
1
What is the units digit of ((-4)/(-5) - 14/(-70))*685?
5
What is the hundreds digit of (24/2)/(9462/1050 - 9)?
0
Suppose -3*t + 8 = 2*u + t, -4*u = t - 2. Let m be 1 + (12/3 - u). Suppose -5*v + 193 = 4*d - 49, -m*d = 5*v - 240. What is the units digit of v?
0
Suppose 0 = 2*p - 7*p - o - 60, -3*p - 36 = -5*o. Let z be (-3)/p - (-11)/4. What is the units digit of 26/z + 1/3?
9
Suppose -640 = -2*w + 6*q - q, -4*w - q + 1258 = 0. Let s be -2 - -4 - 0/2. Suppose n = 5*k - w, -s*k - 4*n = -3*k + 44. What is the units digit of k?
4
Let o(t) = 4*t**2 + 3*t - 4. Let c be o(-4). Let k(r) = -2*r + 31. Let l be k(16). What is the tens digit of l/(2*(-2)/c)?
1
Let z(a) = -a**2 + 19*a - 38. Let c be z(17). What is the tens digit of 208/(-24)*30/c?
6
Suppose 3*p - 1095 = -j, -4*p - 2*j = p - 1826. Suppose 5*k - 2*k - p = -4*i, -2*i + 182 = -2*k. What is the tens digit of i?
9
Suppose -5*t - g + 802 = 0, 3*t - 7*g - 470 = -2*g. What is the tens digit of t?
6
Let i(f) = 4*f**2 - 3*f + 10. Let y be i(10). Suppose 0*q + 5*q - 5*t = y, 2*q - 140 = -t. What is the units digit of q?
2
Let z = -8 + 11. Let y = -8 + 15. Suppose y*j - 92 = z*j. What is the tens digit of j?
2
Suppose -3*t + 1100 = -2*n, 5*t - 1836 = -12*n + 14*n. What is the tens digit of t?
6
Let a = 7358 - 3931. What is the hundreds digit of a?
4
Suppose -21*l + 5509 = -11039. What is the hundreds digit of l?
7
Suppose -5*s + 7017 = -183. What is the tens digit of s?
4
Suppose 0 = -2*j - 5*t - 30, 0*j - 3*j - 28 = -t. Let l = 13 + j. Suppose p = 4*c - 43, -l*c + 9 = 5*p - 29. What is the units digit of c?
1
Let x(z) = 96*z + 26. What is the units digit of x(11)?
2
Let b(n) = n**3 + 13*n**2 - 16*n - 34. Let d be b(-14). Let q(v) = -7*v - 12. What is the units digit of q(d)?
0
Let s(j) = 47*j**3 - 3*j**2 - 3*j + 11. Let p be s(3). What is the hundreds digit of p/8 + 6 + (-2)/(-4)?
1
Suppose -3*n + 0*w - w = -9, 4*n - 14 = -2*w. Let i = n + 10. Let x = i - -11. What is the units digit of x?
3
Suppose -k + 3*t - 6653 = -5*k, 4*t = -2*k + 3334. What is the thousands digit of k?
1
Let s(a) = 101*a - 107. What is the hundreds digit of s(5)?
3
Let v = 4 + 29. Let t be 2*1/(6/v). Let b = t + -9. What is the units digit of b?
2
Let n be -2*(-3 + 59/(-2)). Let i = n - -4. What is the tens digit of i?
6
Suppose 26 = -4*y - 5*k, 1 = 2*k + 5. What is the hundreds digit of (-626)/((y*3)/6)?
3
Let f = -1523 - -2292. What is the units digit of f?
9
Suppose 2*f + 7*g = 3*g + 210, -3*f + g + 343 = 0. What is the units digit of f?
3
Let w(u) = 4*u**2 - 6*u + 5. Let c(x) = -5*x - 71. Let s be c(-16). What is the tens digit of w(s)?
7
Let h(r) = r + r - 7 + 3. Let k be h(3). Suppose k*a - 4*a = -32. What is the units digit of a?
6
Suppose -31*i = -3115 - 3147. What is the hundreds digit of i?
2
Suppose 92 - 28 = g. Let q = g - -24. What is the tens digit of q?
8
Let x = 33 + -31. Suppose 2*b - 5*z = 5*b - 52, x*z - 4 = 0. What is the units digit of b?
4
Let w(m) = -m**3 - 9*m**2 + 9*m + 18. Let q be w(-10). Let z = 157 - q. What is the tens digit of z?
2
Let c(i) = -i**3 + 4*i**2 - i - 4. Let b be c(3). Let p be 870/42 - 4/(-14). Suppose -p = -b*l + 5. What is the units digit of l?
3
Let c(q) = -q**3 + 8*q**2 + 16*q - 1. Let u be c(8). Suppose 0 = a - u - 8. What is the units digit of a?
5
Let p(a) = 2*a**2 - 24*a + 49. What is the hundreds digit of p(18)?
2
Let g(c) = -252*c - 7. What is the tens digit of g(-2)?
9
Let f(u) = 61*u**2 - u + 136. What is the units digit of f(7)?
8
Suppose -5*s + 230 = -f + 1852, 0 = 3*f + 4*s - 4904. What is the tens digit of f?
3
Let a = 266 + -185. Let t = a + -49. What is the units digit of t?
2
Suppose -2*j + 2*g - 10 = 0, 3*j - g + 1 + 4 = 0. Let o(x) = -x**3 + x**2 + x + 52. What is the units digit of o(j)?
2
Suppose 39 = b + 2*b. Let p = b + -8. What is the units digit of (-1)/p + (-432)/(-10)?
3
Let h = 8 + -6. Suppose 0 = k + h*k. Suppose 0 = a - 3*d - 15 - 1, k = -3*d + 9. What is the units digit of a?
5
Let z(c) be the third derivative of c**7/1008 - c**6/180 - 2*c**5/15 + c**2. Let i(q) be the third derivative of z(q). What is the tens digit of i(12)?
5
Let a(y) be the second derivative of -3*y**3 - 4*y**2 - 3*y. Let v be a(-6). Suppose -v = -q - q. What is the tens digit of q?
5
Suppose -4*g = 4*m - m - 64, -2*g + 5*m + 6 = 0. Suppose -1472 - 1544 = -g*n. What is the tens digit of n?
3
Suppose -2*d = 4*k - 4202, -14*k + 15*k - 1 = 0. What is the thousands digit of d?
2
Let f(b) = 7*b + 9. Let y = 72 + -64. What is the tens digit of f(y)?
6
Let i be 24*(3/6 + 3). Let o = -54 + i. What is the units digit of o?
0
Let h = 22 + -10. Let v be (-10)/55 + 112/11. Suppose -v*d = -6*d - h. What is the units digit of d?
3
Suppose -d + 0 - 3 = 0. Let n be (13 - d)/(2 + 0). Let k = 31 + n. What is the units digit of k?
9
Suppose -2*g = -6, 3*o - 2*g = 1648 + 1361. What is the units digit of o?
5
Let n(f) = f**2 - 5*f + 7. Let b(r) = -9*r - 2. Let i(v) = -5*v - 1. Let a(k) = -6*b(k) + 11*i(k). Let w(u) = 3*a(u) + n(u). What is the units digit of w(8)?
0
Suppose -4*y + 0*h = 3*h - 60, -h = -y + 1